p**2 - 16*p + 18. Let y(n) = -9*n**2 + 11*n - 12. Let g(w) = 5*o(w) + 7*y(w). What are the prime factors of g(8)?
2, 5, 11
Let s = 76 + 60. Let h = 4 - 2. Suppose -4*a - 4*t = -s, -h*a + 41 = -5*t - 48. List the prime factors of a.
37
Suppose 0 = 2*x - 4*c - 2678, -x + 1054 = -5*c - 294. List the prime factors of x.
31, 43
Suppose 400 = 5*q - 5*j, 3*q + 0*j + 5*j = 208. Suppose 5*a = -q + 771. What are the prime factors of a?
139
Suppose 0 = 2*f + 4*o + 48, -2*f = f + 4*o + 74. Let h(l) = 2*l**3 - 11*l**2 + 5*l - 4. Let v be h(5). Let w = v - f. List the prime factors of w.
2, 11
Suppose -4*m + 59 - 2 = q, -3*q - 3*m = -162. Suppose -2*u = -q - 39. What are the prime factors of u?
2, 23
Suppose -155*p - 1504 = -157*p. List the prime factors of p.
2, 47
Suppose 2*n + 40 = -44. Let p = n - -216. Suppose 5*k - v - p = 0, 2*v - 6 = -4. What are the prime factors of k?
5, 7
Let c = 2 - -3. Suppose 2*x = -c*l - 70, -4*l - 5*x - 73 = -0*x. Let v = l + 23. List the prime factors of v.
11
Suppose 4*i - 3*u + 0*u + 2 = 0, 12 = -2*i - 4*u. Let g be 4/12 - i/(-6). Suppose -6*s + 4*s + 60 = g. List the prime factors of s.
2, 3, 5
Let r(d) = 3*d + 3*d - 3*d - 6*d. Suppose -1 - 19 = 5*t. List the prime factors of r(t).
2, 3
Let n(g) = -g**3 - 10*g**2 - 7*g + 8. Let h be n(-6). Let u = -45 - h. List the prime factors of u.
7
Suppose -10*d = -32 + 2. Suppose 4*z + z = -d*i + 120, 2*i + 53 = 3*z. List the prime factors of z.
3, 7
What are the prime factors of (19 - 25)/(((-18)/(-568))/(-3))?
2, 71
Suppose -4*n = 4*v - 2508, 0 = -2*v - 4*n + n + 1252. List the prime factors of v.
17, 37
Let s = 763 - 214. List the prime factors of s.
3, 61
Suppose 12*k = 28*k - 1248. Suppose -47 = 3*l - 4*p - 162, 2*l - p = 85. Let o = k - l. List the prime factors of o.
3, 11
Let a(h) = 5*h - 89. Let c be a(20). Let z(i) = 2*i**2 - 3*i - 38. What are the prime factors of z(c)?
3, 19
Suppose -8 = -4*w, -w - 759 = -2*i + 1027. What are the prime factors of i?
2, 3, 149
Let l(r) = r**2 - 58*r - 18. Let x(q) = 19*q + 6. Let b(m) = -2*l(m) - 7*x(m). Let z(t) be the first derivative of b(t). What are the prime factors of z(-7)?
11
Suppose 7*i + 0*i = 0. Suppose 2*v - 2 - 4 = i. Suppose 4*l = 5*y + v, -2*l - 2*y + 9 = 3*y. What are the prime factors of l?
2
Suppose 41*o = 154089 + 73666. List the prime factors of o.
5, 11, 101
What are the prime factors of 3 + ((-25)/50)/(2/(-4052))?
2, 127
Suppose -5*w + 4*s = -250, -3*w - 3*s - 93 = -5*w. Suppose j - 3*i = -j + 153, -j = 3*i - w. List the prime factors of j.
3, 23
Let p(j) = j**3 - 3*j**2 - 4*j - 1. Suppose 0 = -5*q + 5, 0*q = -5*o - 3*q + 23. Let a be p(o). What are the prime factors of 8 - ((-4)/2 + a)?
11
Let g = -11 - -23. List the prime factors of (g/(-24))/((-2)/56).
2, 7
Suppose -30*k - 122200 = -95*k. List the prime factors of k.
2, 5, 47
Let z = -2272 + 3214. List the prime factors of z.
2, 3, 157
Suppose -16523 - 20319 = -26*q. What are the prime factors of q?
13, 109
Let w = -167 - -34. Let o = 284 + w. List the prime factors of o.
151
Let g = -3 + 3. List the prime factors of 6*(g - -11) + (-6)/(-2).
3, 23
Let w(s) = -s + 1. Let n be w(-6). Suppose -4*d + 4*g = -55 - 25, 4*d + 5*g = 35. Suppose -n*a - d = -12*a. What are the prime factors of a?
3
Suppose -5*l + m + 5274 = 0, -4*m - 2124 = -2*l - 0*m. What are the prime factors of l?
2, 17, 31
Let k(l) = -246*l - 219. What are the prime factors of k(-4)?
3, 5, 17
Suppose -2*a - 3*u = -8, -3*a + 6*a = -u + 5. What are the prime factors of ((-485)/15)/(a/(-3))?
97
List the prime factors of 3786/9*((-18)/(-12) - 0).
631
Suppose n - 468 = -p + 6*n, 4*p - 1827 = 5*n. What are the prime factors of p?
3, 151
Let s = 20 + -13. Let l(b) = b**2 - b + 12. List the prime factors of l(s).
2, 3
Let o(m) = m**3 + 8*m**2 + 9*m + 4. Let s be (2/4)/(3/60). Suppose 2 = -2*v - s. List the prime factors of o(v).
2, 11
Suppose 0 = -3*y - 6 + 51. Suppose -18*m = -y*m - 627. Let p = m - 143. What are the prime factors of p?
2, 3, 11
Let v = -19 + 37. Let z be v/4 + 9/6. Suppose 0*m - 66 = -3*m + 5*k, -2*k - z = 0. What are the prime factors of m?
17
Let l(t) = 10*t**2 - 1. Let s be l(-1). Suppose s*y = 2*y + 105. List the prime factors of y.
3, 5
Let h(p) = 5*p + 26. Let u(c) = -10*c - 52. Let v(m) = 7*h(m) + 4*u(m). List the prime factors of v(-7).
3
Let g = 112 + 2691. List the prime factors of g.
2803
List the prime factors of (-28850)/(50/(-10)) - 12.
2, 2879
Suppose 5*i - 2313 = m, 3*m + 3 - 9 = 0. List the prime factors of i.
463
Let s(i) = 10*i**3 - 28*i**2 - i + 25. List the prime factors of s(7).
2, 3, 173
Let q(z) = -2*z**2 + 6*z + 9. Let s be q(4). List the prime factors of (-3892)/(-18) + (s - 22/18).
2, 3
Let m(n) = 5*n**2 - 15. What are the prime factors of m(-6)?
3, 5, 11
Let b(p) = 8*p + 34. Let q be b(24). Suppose 8*k = q + 502. List the prime factors of k.
7, 13
Let u(q) = 70*q**3 - 5*q**2 + 6*q - 9. What are the prime factors of u(4)?
5, 883
Suppose -4*p = -12, 4*z - z - p = -1218. What are the prime factors of (-1 - z/(-6))*(2 + -4)?
137
Let q(d) = -4*d - 3. Let r be q(-3). Let w be (-148)/18 + 2/r. List the prime factors of (18/w)/(42/(-448)).
2, 3
What are the prime factors of (-15528)/(-22) - 28/(-154)?
2, 353
Let h(c) = 7*c + 16. Suppose 0*l + 20 = -10*l. List the prime factors of h(l).
2
Suppose -1031 = -6*o + 1483. List the prime factors of o.
419
Let n be -1 + 1 - (-5 + 2). Let f(h) = 6*h - h**n + 10*h**2 + 6 - 2*h**2 - 12*h. List the prime factors of f(7).
13
Let n(y) = 1 - 2*y + 0*y + 1. Let w = 79 + -82. List the prime factors of n(w).
2
Let l(s) be the first derivative of s**4/12 + 5*s**3/3 - 8*s**2 - 2*s - 6. Let i(r) be the first derivative of l(r). What are the prime factors of i(-14)?
2, 5
Let l be -30*(0 - 4)/8. Suppose 0*b - 1290 = -l*b. List the prime factors of b.
2, 43
Let w(j) = -965*j - 41. What are the prime factors of w(-1)?
2, 3, 7, 11
Let h(l) = 54*l - 328. What are the prime factors of h(18)?
2, 7, 23
Suppose -16*g - 126 = -10*g. List the prime factors of (25 + -7)/(0 - 6/g).
3, 7
Suppose 6*s - 20 = s, 5*h - 4*s - 954 = 0. What are the prime factors of h?
2, 97
Let d be (-4)/18 + (-152)/(-36). Let i(p) be the second derivative of p**4/12 - p**3/6 + 5*p**2/2 - p. What are the prime factors of i(d)?
17
Suppose 5*x = -2*s + 91, -3*x + 54 = -13*s + 14*s. What are the prime factors of x?
17
Let p be (-4)/22 + (-20)/(-110). Suppose -z + 25 = -p*z. List the prime factors of z.
5
Suppose 2*w + 2*m - 1745 = 5091, 2*w - 3*m - 6821 = 0. List the prime factors of w.
5, 683
Let k = 480 + 187. List the prime factors of k.
23, 29
Let n = 27 + -7. Suppose -o = 4*o + n. What are the prime factors of -4 + 8 + o + 47?
47
Suppose 6*i - 20 = -4*i. Suppose 0 = i*s + 4, 0*s + 28 = k - 2*s. List the prime factors of k.
2, 3
Suppose -45 = 3*i - s, i = 4*s - 2 - 2. Let f be 804/(-16) - 4/i. Let x = f - -111. What are the prime factors of x?
61
Suppose 202 + 422 = 2*p. Let i = -221 + p. List the prime factors of i.
7, 13
Suppose 21040 = 3*y - 4*h, -y + 28065 = 3*y - 3*h. List the prime factors of y/100 - 8/(-10).
71
Let y = -8 - -3. Let x(s) = -5*s + 8. Let h(o) = 5*o - 9. Let n(b) = y*x(b) - 4*h(b). List the prime factors of n(4).
2
Let f(z) = 4*z - z**2 + 10*z - 81 + 91 + 0*z**2. List the prime factors of f(10).
2, 5
Let u(k) = k**2 + 8*k + 12. Let v be u(-7). Suppose 0 = v*p - 29 + 4. Suppose 0*z - 3 = -z, -2*i + 145 = p*z. What are the prime factors of i?
5, 13
Suppose -i + 4 = 2, -5*o = -2*i - 2731. List the prime factors of o.
547
Suppose -39*p + 36*p + 7653 = 0. List the prime factors of p.
2551
Suppose 1324 = 5*p - 3321. What are the prime factors of p?
929
Let s(u) = -2*u**3 + u**3 + 5*u + 4 - 4*u. Let g be s(0). Suppose 3*w - 3*m - 2*m = 82, -2*m = g. What are the prime factors of w?
2, 3
Let y be ((-54)/6)/((-3)/66). Suppose 2*l + y = 5*l. What are the prime factors of l?
2, 3, 11
Let m(x) = x**2 - 6*x - 8. Let i be m(9). Suppose 0 = 4*z - 45 - i. Let k = -13 + z. List the prime factors of k.
3
Let q(r) = 20*r**2 - 1. Let c be q(1). Suppose -c = -0*o - o. What are the prime factors of o?
19
Let x = 8 - 0. Suppose x*j - 180 = 4*j. Suppose 4*r - j = 75. What are the prime factors of r?
2, 3, 5
List the prime factors of 1 + (-2 - 24/(-9))*852.
569
Suppose u - 4 =